69, 1951
What are the prime factors of 845758074?
2, 3, 7, 1511, 13327
What are the prime factors of 44773977?
3, 127, 117517
What are the prime factors of 48931172?
2, 67, 182579
List the prime factors of 2943838516.
2, 101, 541, 13469
List the prime factors of 520076921.
7, 13, 37, 83, 1861
List the prime factors of 59683980.
2, 3, 5, 619, 1607
List the prime factors of 31904523.
3, 7, 56269
List the prime factors of 212663080.
2, 5, 7, 61, 12451
What are the prime factors of 192346425?
3, 5, 167, 5119
List the prime factors of 54014820.
2, 3, 5, 29, 37, 839
What are the prime factors of 516964768?
2, 19, 850271
List the prime factors of 19723757.
17, 1160221
What are the prime factors of 1110907525?
5, 7, 13, 488311
List the prime factors of 17898500.
2, 5, 35797
List the prime factors of 32108587.
7, 463, 9907
What are the prime factors of 6198274987?
17, 229, 1592159
What are the prime factors of 134784011?
134784011
List the prime factors of 2252690215.
5, 1823, 247141
List the prime factors of 12479213.
12479213
List the prime factors of 1301167959.
3, 7, 13, 127, 37529
List the prime factors of 165231376.
2, 10326961
List the prime factors of 221498011.
7, 4547, 6959
List the prime factors of 69593192.
2, 61, 142609
List the prime factors of 1219439163.
3, 406479721
What are the prime factors of 127158451?
7, 139, 130687
List the prime factors of 270209492.
2, 7, 17, 567667
List the prime factors of 158719127.
7, 22674161
List the prime factors of 29997412.
2, 2531, 2963
What are the prime factors of 48427510?
2, 5, 103, 47017
What are the prime factors of 143604281?
293, 490117
What are the prime factors of 622404104?
2, 7, 23, 483233
List the prime factors of 76339086.
2, 3, 2179, 5839
List the prime factors of 34477118.
2, 13, 37, 35839
List the prime factors of 149284877.
7, 21326411
What are the prime factors of 470254890?
2, 3, 5, 7, 2239309
List the prime factors of 1424337670.
2, 5, 7, 20347681
List the prime factors of 2612197867.
821, 3181727
List the prime factors of 856259365.
5, 13, 29, 37, 12277
What are the prime factors of 1101618728?
2, 7, 31, 634573
What are the prime factors of 282693747?
3, 7, 967, 13921
What are the prime factors of 60022623?
3, 20007541
List the prime factors of 98960557.
29, 193, 17681
List the prime factors of 1685956.
2, 521, 809
What are the prime factors of 5915356?
2, 1478839
List the prime factors of 71672267.
1289, 55603
What are the prime factors of 8654304?
2, 3, 90149
List the prime factors of 54373229.
149, 364921
What are the prime factors of 2512969961?
6091, 412571
List the prime factors of 58546181.
17, 3443893
List the prime factors of 84439546.
2, 42219773
List the prime factors of 1978653812.
2, 494663453
What are the prime factors of 61984121?
61984121
What are the prime factors of 564446515?
5, 6151, 18353
What are the prime factors of 11410956?
2, 3, 41, 859
What are the prime factors of 380575445?
5, 76115089
What are the prime factors of 633197331?
3, 13, 349, 1723
What are the prime factors of 732285672?
2, 3, 557, 54779
List the prime factors of 20352676.
2, 5088169
What are the prime factors of 4221518907?
3, 163, 1259, 6857
What are the prime factors of 548428308?
2, 3, 61, 749219
List the prime factors of 126174673.
126174673
What are the prime factors of 120408227?
10831, 11117
What are the prime factors of 53010403?
17, 31, 61, 97
List the prime factors of 10721324.
2, 199, 13469
List the prime factors of 461453136.
2, 3, 1409, 6823
List the prime factors of 229182126.
2, 3, 38197021
What are the prime factors of 49501928?
2, 7, 883963
What are the prime factors of 146789744?
2, 19, 482861
List the prime factors of 314160591.
3, 137, 764381
List the prime factors of 150641380.
2, 5, 41, 183709
List the prime factors of 59854292.
2, 113, 132421
List the prime factors of 3047694910.
2, 5, 13, 107, 151, 1451
List the prime factors of 33471646.
2, 13, 1287371
List the prime factors of 103581139.
2003, 51713
What are the prime factors of 184710448?
2, 13, 151, 5881
List the prime factors of 111839191.
7177, 15583
List the prime factors of 5345408001.
3, 7699, 231433
List the prime factors of 781517529.
3, 13, 23, 290419
List the prime factors of 1301311912.
2, 1019, 159631
What are the prime factors of 1826967064?
2, 13, 97, 13931
What are the prime factors of 663784821?
3, 7, 109, 4603
List the prime factors of 1149407904.
2, 3, 83, 144253
List the prime factors of 95948577.
3, 353, 10067
What are the prime factors of 162659237?
13, 397, 31517
What are the prime factors of 215657485?
5, 29, 547, 2719
List the prime factors of 1155971180.
2, 5, 7, 13, 635149
List the prime factors of 6426948529.
59, 677, 160903
What are the prime factors of 37035969?
3, 12345323
What are the prime factors of 85809395?
5, 7, 31, 79087
What are the prime factors of 164551916?
2, 29, 1418551
What are the prime factors of 1850912106?
2, 3, 308485351
What are the prime factors of 308824137?
3, 11437931
What are the prime factors of 1871566385?
5, 13, 157, 183397
List the prime factors of 50535559.
3463, 14593
What are the prime factors of 3809701319?
29, 131369011
List the prime factors of 9850385.
5, 239, 8243
List the prime factors of 438630600.
2, 3, 5, 17, 43003
What are the prime factors of 869070?
2, 3, 5, 59, 491
What are the prime factors of 4337920761?
3, 19, 4005467
What are the prime factors of 161599911?
3, 11, 2099, 2333
List the prime factors of 15355733.
1621, 9473
List the prime factors of 620656526.
2, 7, 47, 661, 1427
List the prime factors of 2062018496.
2, 32219039
What are the prime factors of 96763462?
2, 31, 179, 8719
What are the prime factors of 466179605?
5, 47, 1983743
List the prime factors of 105847306.
2, 37, 211, 6779
List the prime factors of 67472047.
241, 279967
What are the prime factors of 1844329171?
467, 3949313
What are the prime factors of 760844308?
2, 7, 1579, 17209
What are the prime factors of 945433526?
2, 8059, 58657
List the prime factors of 288580850.
2, 5, 5771617
List the prime factors of 14828563.
71, 73, 2861
List the prime factors of 58660860.
2, 3, 5, 977681
What are the prime factors of 120292484?
2, 13, 23, 4373
What are the prime factors of 6611070114?
2, 3, 11, 97, 107, 3217
List the prime factors of 1130382471.
3, 376794157
List the prime factors of 58046118.
2, 3, 13, 37, 20113
What are the prime factors of 105369921?
3, 11707769
What are the prime factors of 239310415?
5, 19, 941, 2677
List the prime factors of 37364320.
2, 5, 7, 73, 457
List the prime factors of 27973523.
3121, 8963
List the prime factors of 455010387.
3, 13, 71, 73, 2251
What are the prime factors of 707916751?
59, 11998589
List the prime factors of 1386637200.
2, 3, 5, 13, 29629
List the prime factors of 65262673.
7, 29, 59, 5449
List the prime factors of 497976329.
497976329
What are the prime factors of 174916528?
2, 10932283
List the prime factors of 179855736.
2, 3, 281, 26669
List the prime factors of 4626620087.
911, 5078617
What are the prime factors of 184819196?
2, 46204799
What are the prime factors of 173609825?
5, 137, 173, 293
What are the prime factors of 336636323?
37, 701, 12979
List the prime factors of 136333901.
11, 29, 427379
List the prime factors of 216726160.
2, 5, 7, 19, 20369
List the prime factors of 261961409.
47, 193, 28879
List the prime factors of 360318026.
2, 17, 769, 13781
List the prime factors of 203723042.
2, 61, 1669861
List the prime factors of 47488343.
7, 6784049
List the prime factors of 681102273.
3, 227034091
What are the prime factors of 2707507463?
59, 151, 303907
List the prime factors of 127522767.
3, 277, 153457
What are the prime factors of 703892525?
5, 7, 19, 139, 1523
List the prime factors of 357564455.
5, 71512891
What are the prime factors of 4894817?
59, 82963
List the prime factors of 465962747.
47, 83, 119447
What are the prime factors of 429367181?
17, 293, 86201
List the prime factors of 158398929.
3, 13, 451279
What are the prime factors of 2925827318?
2, 37, 39538207
List the prime factors of 49367727.
3, 61, 89923
What are the prime factors of 12045308?
2, 11, 41, 607
What are the prime factors of 549002999?
4759, 115361
List the prime factors of 59098885.
5, 17, 695281
List the prime factors of 8